ainder when q is divided by 17.
10
Let a be (-12514)/(-30) - (-8 - (-732)/90). Let z = a - 304. What is the remainder when z is divided by 46?
21
Let a = 13819 + -13752. Calculate the remainder when 384 is divided by a.
49
Let l = 8 - 1. Let z(q) = 60*q - 66. Let x be z(8). Calculate the remainder when (-2)/(-3) - x/(-27) is divided by l.
2
Let f be (-4)/30 + (-7 - 308/(-60)). Let b = -100 - -154. Calculate the remainder when b is divided by (19/f)/(2/(-4)).
16
Let q = 1419 + -1376. Let o = -50 + 62. Calculate the remainder when q is divided by o.
7
Suppose 1374*g + 246984 = 1497*g. What is the remainder when g is divided by 666?
10
Suppose 3*z - 2*u = 2995 + 389, 2*z + 5*u - 2237 = 0. What is the remainder when z is divided by 27?
19
Suppose 5*d - 4*y = 362 + 324, 279 = 2*d + 3*y. What is the remainder when d is divided by 69?
0
Let a = -32129 - -32249. Calculate the remainder when 1560 is divided by a.
0
What is the remainder when 1475 is divided by (-13 - -7)/((-16)/136)?
47
Suppose -q + 50 + 13 = 0. Suppose 102*n + 579 - 2823 = 0. Calculate the remainder when q is divided by n.
19
Let a(b) = 2*b**2 + 7*b + 4. Let c be a(4). Let x = -8 + c. Let r(d) = -d**3 + 6*d + 6. What is the remainder when x is divided by r(-3)?
11
Let p(m) = 4*m + 10. Let j be p(-4). Let f(w) = -8*w + 14. What is the remainder when f(j) is divided by 15?
2
What is the remainder when 245 is divided by 142/8 - (22/(-165) + (-56)/480)?
11
Let n = -199 - -335. Let t(p) = -12*p**2 + 11*p + 18*p**2 - 7*p**2 + 5. Calculate the remainder when n is divided by t(9).
21
Let w(x) = -x**3 - 9*x**2 - 17*x - 17. Let h be w(-7). Let m = 22 - h. Suppose 0 = -3*c - 0*c + m. What is the remainder when 9 is divided by c?
3
Calculate the remainder when (5312/(-14) + (-25)/350)*-8 is divided by 169.
163
Let g(k) = 4*k - 51. Suppose 112 + 168 = 2*l. What is the remainder when l is divided by g(16)?
10
Let m = -147 + 149. Calculate the remainder when (-8)/(-16) - (-55)/2 is divided by m - (1 + -14)/(-3 - -4).
13
Let o = 29 - -86. Let x = -31 - -35. Suppose 4*z + 4*u - 97 - 55 = 0, x*z - 5*u - 161 = 0. Calculate the remainder when o is divided by z.
37
Calculate the remainder when 4666/8 + (-73)/292 is divided by 83.
2
Let c = -17411 - -17530. Calculate the remainder when c is divided by 56.
7
Suppose n - 244 = -5*l + 287, -3*l = 5*n - 301. What is the remainder when 208 is divided by l?
101
Suppose 0 = -m + 5*b + 174, -2*m + 3*m - b - 170 = 0. What is the remainder when m is divided by 130/(-182) + 2604/147?
16
Let k(a) = 41 + 5*a**2 - 7*a + 15*a**2 - 27*a + 14*a - a**3. What is the remainder when k(19) is divided by 20?
2
Let f = 38 - 27. Let j(s) = 42*s**3 - 4*s**2 - s. Let w be j(-1). Calculate the remainder when (-213)/w*9 - 2/(-5) is divided by f.
10
Let w = -27208 - -48375. Calculate the remainder when w is divided by 14.
13
Let s(o) = 30 + o**3 - 15*o**2 + 12*o + 5*o**2 - 3 - 2*o**3. Let l be s(-11). Let k = 21 + l. Calculate the remainder when k is divided by 20.
17
Suppose 0 = -89*b + 86*b + 36. Let d(o) = -5*o**3 - b + 4*o**3 - o + 5*o**2 - 8*o**2. Calculate the remainder when 23 is divided by d(-4).
7
Suppose 0 = 4*x + 4*o - 6736, 0 = -x - 3*x + 3*o + 6701. What is the remainder when x is divided by 112?
111
Suppose -z = 3*z - 44. Suppose 5*a - 67 = -2*w, -3*w = -34*a + 29*a + 62. What is the remainder when z + -3 + (-18)/(-3) is divided by a?
1
Suppose 19*m - 22*m - 4*s + 232 = 0, -227 = -3*m - 5*s. Calculate the remainder when 86/6 + (-4)/(-6) is divided by ((m/10)/(-7))/(4/(-30)).
6
Suppose 0 = j - 18 + 3. Suppose 0 = -49*y + 15*y - 209*y + 17010. Calculate the remainder when y is divided by j.
10
Suppose 4*a - 4127 = 3*d, -2*d - 596 = -a + 432. Suppose 0 = 8*w - 934 - a. What is the remainder when w is divided by 13?
12
Let m be (2/6)/(28/336). Suppose -f - m*b + 6*b + 34 = 0, 3*f - 66 = -3*b. What is the remainder when 90 is divided by f?
12
Calculate the remainder when 324 is divided by (-8 - (-7 + (-3)/6))*-230.
94
Let w be ((-21)/14)/(9/(-84)). Suppose -w*l - 31 = -1109. What is the remainder when 226 is divided by l?
72
Let y be (-2)/10 - (7/(-35) + 0). Suppose y = v + a - 12, -4*a - 36 = -3*v - 8*a. Let w = 173 + -90. What is the remainder when w is divided by v?
11
Let y(d) = d**3 - 2*d**2 + 3*d - 30. Calculate the remainder when y(5) is divided by 5.
0
Suppose -2708*d + 2560*d + 13172 = 0. Calculate the remainder when 316 is divided by d.
49
What is the remainder when 1900 is divided by (23/(-23) - 11/(-3))*33?
52
What is the remainder when 288 is divided by (-774)/(-4) - 30/140*7?
96
Let a(t) = 1435*t. Let c be a(-9). Calculate the remainder when c/(-60) + 0 + (-3)/12 is divided by 31.
29
Suppose -i + 2*i = 5*j - 797, 2*i + 154 = j. Let q = -46 + -27. Let s = q + j. Calculate the remainder when s is divided by 15.
12
Suppose 0 = 35*g - 5763 + 1633. Calculate the remainder when 300 is divided by g.
64
Let g(o) = 2*o**2 - 56*o + 299. What is the remainder when g(29) is divided by 33?
27
Suppose 112*j = 114*j - 3*y - 25, -3*j = -4*y - 35. Calculate the remainder when 486 is divided by j.
1
Suppose -q - 4*q = 4*k - 22, -k = -3. Let n = -480 - -444. Calculate the remainder when 50 is divided by (-3)/(n/(-52))*(q + -5).
11
Let b(v) = 10 - 16 + 54 - 16*v + 5. Calculate the remainder when b(-7) is divided by 28.
25
Suppose 3*h + 5 = -4*i - i, 0 = -i - 3*h - 13. Suppose 18 = i*c - 0. Calculate the remainder when c is divided by (5/(-2))/(8/(-16)).
4
Let u be (-9890)/23*(1 + 6/(-4)). Let m = u - 198. Calculate the remainder when 48 is divided by m.
14
Suppose 3*g = -323 + 2996. What is the remainder when g is divided by 149?
146
Let b = -6409 + 7748. Calculate the remainder when b is divided by 10.
9
Suppose 6 - 10 = -2*g. Let x(a) = -a**3 - g*a - 10*a - 2*a - 8 + 11*a**2. Calculate the remainder when x(6) is divided by 13.
10
Let m(h) = -h**3 + 4*h**2 + 11*h - 18. Let b be m(6). Calculate the remainder when 70 is divided by 18/(-8)*(20 + b).
7
Suppose -5*m - 4*f + 2*f + 931 = 0, -5*m + 3*f = -941. Let d = m - 53. Suppose -126 = -3*p - 24. Calculate the remainder when d is divided by p.
32
Suppose 8*c - 61 - 35 = 0. Let l be (9 + 1)/(0 - -1). Calculate the remainder when (c/l)/((-33)/(-220)) is divided by 3.
2
Let t be (-1)/(1*(-1)/84). Let s = 128 - 113. Suppose -s*z + t = -13*z. What is the remainder when 80 is divided by z?
38
Let y(t) = -21*t + 3807. Calculate the remainder when 7152 is divided by y(68).
15
Let a(f) = 2*f**3 - 12*f**2 + 28*f - 55. Calculate the remainder when a(7) is divided by 9.
5
Suppose 6 - 5 = -2*n - 5*r, -5*n + 4*r = -14. Let k be 12/(4 + -1) - n. Suppose 13*a - 495 = -k*a. What is the remainder when a is divided by 13?
7
Calculate the remainder when 18/117 - 57/(-52) - 1694/(-8) is divided by 124.
89
Let f = 39116 - 39102. What is the remainder when 2/(-6) - (-1254)/9 is divided by f?
13
Suppose 616 + 96 = 9*d + 46. What is the remainder when 118 is divided by d?
44
Suppose -2*u + 30 = 4*u. Suppose -3*n - 20 + 151 = 5*x, -205 = -u*n - 5*x. What is the remainder when 119 is divided by n - (-3)/6*6?
39
Suppose 5*l = 4*i, -i + 13 = 4*l - 8. Suppose 365 = i*x + 5*o - 8*o, 5*x + 4*o = 365. Let p = 7 - -18. What is the remainder when x is divided by p?
23
Let x = 28610 - 21771. Calculate the remainder when x is divided by 236.
231
Suppose 3*a = -5*b - 135, 5*b - a - 2*a + 135 = 0. Let u = -10 - b. What is the remainder when 103 - 7/((-21)/(-12)) is divided by u?
14
Let g be (-13 - -1)*(1 - 0). Let r = -2 - g. Let n(f) = 71*f + 17. What is the remainder when n(0) is divided by r?
7
Suppose -5*d = -9 - 1, 0 = q + 2*d + 496. Let h = -485 - q. Calculate the remainder when 163 is divided by h.
13
Suppose 8*d - 9*d + 462 = -4*y, 0 = 4*d - y - 1878. Calculate the remainder when d is divided by 69.
56
Let v(z) = -2*z**3 + 26*z**2 + 67*z + 65. Calculate the remainder when v(-14) is divided by 6.
3
Let t(a) = 7*a**2 - 39*a - 373. What is the remainder when 5987 is divided by t(-6)?
111
Let s be (-59 - -58)*-2*1. Suppose -s*p - 61 = 4*n - 203, 0 = -4*n + 20. What is the remainder when 422 is divided by p?
56
Let l be 575/161 + 4/(-7). Suppose 0 = -4*c + 2*v + 156 + 258, -3*v = l*c - 324. Calculate the remainder when 415 is divided by c.
100
Suppose -5*h = -3*i -